{"id":53,"date":"2026-01-21T10:26:57","date_gmt":"2026-01-21T09:26:57","guid":{"rendered":"http:\/\/elkom-olesno.pl\/?page_id=53"},"modified":"2026-01-21T11:35:10","modified_gmt":"2026-01-21T10:35:10","slug":"kontakt","status":"publish","type":"page","link":"http:\/\/elkom-olesno.pl\/?page_id=53","title":{"rendered":"Kontakt"},"content":{"rendered":"\n<p>Zapraszamy do kontaktu z naszym oddzia\u0142em g\u0142\u00f3wnym w Ole\u015bnie oraz oddzia\u0142em we Wroc\u0142awiu.<\/p>\n\n\n\n<p><\/p>\n","protected":false},"excerpt":{"rendered":"<p>Zapraszamy do kontaktu z naszym oddzia\u0142em g\u0142\u00f3wnym w Ole\u015bnie oraz oddzia\u0142em we Wroc\u0142awiu.<\/p>\n","protected":false},"author":1,"featured_media":108,"parent":0,"menu_order":0,"comment_status":"closed","ping_status":"closed","template":"","meta":{"_uag_custom_page_level_css":"","footnotes":""},"class_list":["post-53","page","type-page","status-publish","has-post-thumbnail","hentry"],"yoast_head":"<!-- This site is optimized with the Yoast SEO plugin v25.9 - https:\/\/yoast.com\/wordpress\/plugins\/seo\/ -->\n<title>Kontakt - ELKOM<\/title>\n<meta name=\"robots\" content=\"index, follow, max-snippet:-1, max-image-preview:large, max-video-preview:-1\" \/>\n<link rel=\"canonical\" href=\"http:\/\/elkom-olesno.pl\/?page_id=53\" \/>\n<meta property=\"og:locale\" content=\"en_US\" \/>\n<meta property=\"og:type\" content=\"article\" \/>\n<meta property=\"og:title\" content=\"Kontakt - ELKOM\" \/>\n<meta property=\"og:description\" content=\"Zapraszamy do kontaktu z naszym oddzia\u0142em g\u0142\u00f3wnym w Ole\u015bnie oraz oddzia\u0142em we Wroc\u0142awiu.\" \/>\n<meta property=\"og:url\" content=\"http:\/\/elkom-olesno.pl\/?page_id=53\" \/>\n<meta property=\"og:site_name\" content=\"ELKOM\" \/>\n<meta property=\"article:modified_time\" content=\"2026-01-21T10:35:10+00:00\" \/>\n<meta property=\"og:image\" content=\"http:\/\/elkom-olesno.pl\/wp-content\/uploads\/2026\/01\/pexels-kampus-8353767-scaled.jpg\" \/>\n\t<meta property=\"og:image:width\" content=\"2560\" \/>\n\t<meta property=\"og:image:height\" content=\"1709\" \/>\n\t<meta property=\"og:image:type\" content=\"image\/jpeg\" \/>\n<meta name=\"twitter:card\" content=\"summary_large_image\" \/>\n<meta name=\"twitter:label1\" content=\"Est. reading time\" \/>\n\t<meta name=\"twitter:data1\" content=\"1 minute\" \/>\n<script type=\"application\/ld+json\" class=\"yoast-schema-graph\">{\"@context\":\"https:\/\/schema.org\",\"@graph\":[{\"@type\":\"WebPage\",\"@id\":\"http:\/\/elkom-olesno.pl\/?page_id=53\",\"url\":\"http:\/\/elkom-olesno.pl\/?page_id=53\",\"name\":\"Kontakt - ELKOM\",\"isPartOf\":{\"@id\":\"http:\/\/elkom-olesno.pl\/#website\"},\"primaryImageOfPage\":{\"@id\":\"http:\/\/elkom-olesno.pl\/?page_id=53#primaryimage\"},\"image\":{\"@id\":\"http:\/\/elkom-olesno.pl\/?page_id=53#primaryimage\"},\"thumbnailUrl\":\"http:\/\/elkom-olesno.pl\/wp-content\/uploads\/2026\/01\/pexels-kampus-8353767-scaled.jpg\",\"datePublished\":\"2026-01-21T09:26:57+00:00\",\"dateModified\":\"2026-01-21T10:35:10+00:00\",\"breadcrumb\":{\"@id\":\"http:\/\/elkom-olesno.pl\/?page_id=53#breadcrumb\"},\"inLanguage\":\"en-US\",\"potentialAction\":[{\"@type\":\"ReadAction\",\"target\":[\"http:\/\/elkom-olesno.pl\/?page_id=53\"]}]},{\"@type\":\"ImageObject\",\"inLanguage\":\"en-US\",\"@id\":\"http:\/\/elkom-olesno.pl\/?page_id=53#primaryimage\",\"url\":\"http:\/\/elkom-olesno.pl\/wp-content\/uploads\/2026\/01\/pexels-kampus-8353767-scaled.jpg\",\"contentUrl\":\"http:\/\/elkom-olesno.pl\/wp-content\/uploads\/2026\/01\/pexels-kampus-8353767-scaled.jpg\",\"width\":2560,\"height\":1709},{\"@type\":\"BreadcrumbList\",\"@id\":\"http:\/\/elkom-olesno.pl\/?page_id=53#breadcrumb\",\"itemListElement\":[{\"@type\":\"ListItem\",\"position\":1,\"name\":\"Strona g\u0142\u00f3wna\",\"item\":\"http:\/\/elkom-olesno.pl\/\"},{\"@type\":\"ListItem\",\"position\":2,\"name\":\"Kontakt\"}]},{\"@type\":\"WebSite\",\"@id\":\"http:\/\/elkom-olesno.pl\/#website\",\"url\":\"http:\/\/elkom-olesno.pl\/\",\"name\":\"ELKOM\",\"description\":\"Projektowanie i realizacja sieci energetycznych\",\"publisher\":{\"@id\":\"http:\/\/elkom-olesno.pl\/#organization\"},\"potentialAction\":[{\"@type\":\"SearchAction\",\"target\":{\"@type\":\"EntryPoint\",\"urlTemplate\":\"http:\/\/elkom-olesno.pl\/?s={search_term_string}\"},\"query-input\":{\"@type\":\"PropertyValueSpecification\",\"valueRequired\":true,\"valueName\":\"search_term_string\"}}],\"inLanguage\":\"en-US\"},{\"@type\":\"Organization\",\"@id\":\"http:\/\/elkom-olesno.pl\/#organization\",\"name\":\"ELKOM\",\"url\":\"http:\/\/elkom-olesno.pl\/\",\"logo\":{\"@type\":\"ImageObject\",\"inLanguage\":\"en-US\",\"@id\":\"http:\/\/elkom-olesno.pl\/#\/schema\/logo\/image\/\",\"url\":\"http:\/\/elkom-olesno.pl\/wp-content\/uploads\/2026\/01\/cropped-Logo-kontra-bez-tla.png\",\"contentUrl\":\"http:\/\/elkom-olesno.pl\/wp-content\/uploads\/2026\/01\/cropped-Logo-kontra-bez-tla.png\",\"width\":1250,\"height\":250,\"caption\":\"ELKOM\"},\"image\":{\"@id\":\"http:\/\/elkom-olesno.pl\/#\/schema\/logo\/image\/\"}}]}<\/script>\n<!-- \/ Yoast SEO plugin. -->","yoast_head_json":{"title":"Kontakt - ELKOM","robots":{"index":"index","follow":"follow","max-snippet":"max-snippet:-1","max-image-preview":"max-image-preview:large","max-video-preview":"max-video-preview:-1"},"canonical":"http:\/\/elkom-olesno.pl\/?page_id=53","og_locale":"en_US","og_type":"article","og_title":"Kontakt - ELKOM","og_description":"Zapraszamy do kontaktu z naszym oddzia\u0142em g\u0142\u00f3wnym w Ole\u015bnie oraz oddzia\u0142em we Wroc\u0142awiu.","og_url":"http:\/\/elkom-olesno.pl\/?page_id=53","og_site_name":"ELKOM","article_modified_time":"2026-01-21T10:35:10+00:00","og_image":[{"width":2560,"height":1709,"url":"http:\/\/elkom-olesno.pl\/wp-content\/uploads\/2026\/01\/pexels-kampus-8353767-scaled.jpg","type":"image\/jpeg"}],"twitter_card":"summary_large_image","twitter_misc":{"Est. reading time":"1 minute"},"schema":{"@context":"https:\/\/schema.org","@graph":[{"@type":"WebPage","@id":"http:\/\/elkom-olesno.pl\/?page_id=53","url":"http:\/\/elkom-olesno.pl\/?page_id=53","name":"Kontakt - ELKOM","isPartOf":{"@id":"http:\/\/elkom-olesno.pl\/#website"},"primaryImageOfPage":{"@id":"http:\/\/elkom-olesno.pl\/?page_id=53#primaryimage"},"image":{"@id":"http:\/\/elkom-olesno.pl\/?page_id=53#primaryimage"},"thumbnailUrl":"http:\/\/elkom-olesno.pl\/wp-content\/uploads\/2026\/01\/pexels-kampus-8353767-scaled.jpg","datePublished":"2026-01-21T09:26:57+00:00","dateModified":"2026-01-21T10:35:10+00:00","breadcrumb":{"@id":"http:\/\/elkom-olesno.pl\/?page_id=53#breadcrumb"},"inLanguage":"en-US","potentialAction":[{"@type":"ReadAction","target":["http:\/\/elkom-olesno.pl\/?page_id=53"]}]},{"@type":"ImageObject","inLanguage":"en-US","@id":"http:\/\/elkom-olesno.pl\/?page_id=53#primaryimage","url":"http:\/\/elkom-olesno.pl\/wp-content\/uploads\/2026\/01\/pexels-kampus-8353767-scaled.jpg","contentUrl":"http:\/\/elkom-olesno.pl\/wp-content\/uploads\/2026\/01\/pexels-kampus-8353767-scaled.jpg","width":2560,"height":1709},{"@type":"BreadcrumbList","@id":"http:\/\/elkom-olesno.pl\/?page_id=53#breadcrumb","itemListElement":[{"@type":"ListItem","position":1,"name":"Strona g\u0142\u00f3wna","item":"http:\/\/elkom-olesno.pl\/"},{"@type":"ListItem","position":2,"name":"Kontakt"}]},{"@type":"WebSite","@id":"http:\/\/elkom-olesno.pl\/#website","url":"http:\/\/elkom-olesno.pl\/","name":"ELKOM","description":"Projektowanie i realizacja sieci energetycznych","publisher":{"@id":"http:\/\/elkom-olesno.pl\/#organization"},"potentialAction":[{"@type":"SearchAction","target":{"@type":"EntryPoint","urlTemplate":"http:\/\/elkom-olesno.pl\/?s={search_term_string}"},"query-input":{"@type":"PropertyValueSpecification","valueRequired":true,"valueName":"search_term_string"}}],"inLanguage":"en-US"},{"@type":"Organization","@id":"http:\/\/elkom-olesno.pl\/#organization","name":"ELKOM","url":"http:\/\/elkom-olesno.pl\/","logo":{"@type":"ImageObject","inLanguage":"en-US","@id":"http:\/\/elkom-olesno.pl\/#\/schema\/logo\/image\/","url":"http:\/\/elkom-olesno.pl\/wp-content\/uploads\/2026\/01\/cropped-Logo-kontra-bez-tla.png","contentUrl":"http:\/\/elkom-olesno.pl\/wp-content\/uploads\/2026\/01\/cropped-Logo-kontra-bez-tla.png","width":1250,"height":250,"caption":"ELKOM"},"image":{"@id":"http:\/\/elkom-olesno.pl\/#\/schema\/logo\/image\/"}}]}},"uagb_featured_image_src":{"full":["http:\/\/elkom-olesno.pl\/wp-content\/uploads\/2026\/01\/pexels-kampus-8353767-scaled.jpg",2560,1709,false],"thumbnail":["http:\/\/elkom-olesno.pl\/wp-content\/uploads\/2026\/01\/pexels-kampus-8353767-150x150.jpg",150,150,true],"medium":["http:\/\/elkom-olesno.pl\/wp-content\/uploads\/2026\/01\/pexels-kampus-8353767-300x200.jpg",300,200,true],"medium_large":["http:\/\/elkom-olesno.pl\/wp-content\/uploads\/2026\/01\/pexels-kampus-8353767-768x513.jpg",525,351,true],"large":["http:\/\/elkom-olesno.pl\/wp-content\/uploads\/2026\/01\/pexels-kampus-8353767-1024x684.jpg",525,351,true],"1536x1536":["http:\/\/elkom-olesno.pl\/wp-content\/uploads\/2026\/01\/pexels-kampus-8353767-1536x1025.jpg",1536,1025,true],"2048x2048":["http:\/\/elkom-olesno.pl\/wp-content\/uploads\/2026\/01\/pexels-kampus-8353767-2048x1367.jpg",2048,1367,true],"twentyseventeen-featured-image":["http:\/\/elkom-olesno.pl\/wp-content\/uploads\/2026\/01\/pexels-kampus-8353767-2000x1200.jpg",2000,1200,true],"twentyseventeen-thumbnail-avatar":["http:\/\/elkom-olesno.pl\/wp-content\/uploads\/2026\/01\/pexels-kampus-8353767-100x100.jpg",100,100,true]},"uagb_author_info":{"display_name":"admin","author_link":"http:\/\/elkom-olesno.pl\/?author=1"},"uagb_comment_info":0,"uagb_excerpt":"Zapraszamy do kontaktu z naszym oddzia\u0142em g\u0142\u00f3wnym w Ole\u015bnie oraz oddzia\u0142em we Wroc\u0142awiu.","_links":{"self":[{"href":"http:\/\/elkom-olesno.pl\/index.php?rest_route=\/wp\/v2\/pages\/53","targetHints":{"allow":["GET"]}}],"collection":[{"href":"http:\/\/elkom-olesno.pl\/index.php?rest_route=\/wp\/v2\/pages"}],"about":[{"href":"http:\/\/elkom-olesno.pl\/index.php?rest_route=\/wp\/v2\/types\/page"}],"author":[{"embeddable":true,"href":"http:\/\/elkom-olesno.pl\/index.php?rest_route=\/wp\/v2\/users\/1"}],"replies":[{"embeddable":true,"href":"http:\/\/elkom-olesno.pl\/index.php?rest_route=%2Fwp%2Fv2%2Fcomments&post=53"}],"version-history":[{"count":2,"href":"http:\/\/elkom-olesno.pl\/index.php?rest_route=\/wp\/v2\/pages\/53\/revisions"}],"predecessor-version":[{"id":106,"href":"http:\/\/elkom-olesno.pl\/index.php?rest_route=\/wp\/v2\/pages\/53\/revisions\/106"}],"wp:featuredmedia":[{"embeddable":true,"href":"http:\/\/elkom-olesno.pl\/index.php?rest_route=\/wp\/v2\/media\/108"}],"wp:attachment":[{"href":"http:\/\/elkom-olesno.pl\/index.php?rest_route=%2Fwp%2Fv2%2Fmedia&parent=53"}],"curies":[{"name":"wp","href":"https:\/\/api.w.org\/{rel}","templated":true}]}}